 the prime factors of 3850610620?
2, 5, 617, 312043
What are the prime factors of 153662565?
3, 5, 7, 1463453
What are the prime factors of 2740783041?
3, 19, 5342657
What are the prime factors of 110353366?
2, 31, 1779893
What are the prime factors of 14797365?
3, 5, 11, 89681
List the prime factors of 3697641236.
2, 17, 54377077
What are the prime factors of 1638987355?
5, 43, 7623197
What are the prime factors of 5427967849?
83, 223, 293261
List the prime factors of 310414527.
3, 34490503
List the prime factors of 778907038.
2, 7, 13, 167, 523
What are the prime factors of 2340515233?
7, 331, 144307
What are the prime factors of 2560335580?
2, 5, 11, 3259, 3571
List the prime factors of 1410644441.
23, 4969, 12343
List the prime factors of 2030721933.
3, 676907311
What are the prime factors of 54475925?
5, 7, 311291
List the prime factors of 107305700.
2, 5, 17, 47, 79
What are the prime factors of 147704850?
2, 3, 5, 23, 67, 71
List the prime factors of 552042855.
3, 5, 7, 13, 113, 1193
What are the prime factors of 185374282?
2, 2689, 34469
List the prime factors of 1909887080.
2, 5, 1429, 33413
List the prime factors of 45836784.
2, 3, 7, 37, 1229
What are the prime factors of 319947619?
59, 5422841
List the prime factors of 6321891.
3, 109, 19333
What are the prime factors of 1935963978?
2, 3, 13, 17, 1460003
What are the prime factors of 46133383?
313, 147391
List the prime factors of 164020050.
2, 3, 5, 73, 4993
What are the prime factors of 347116273?
7, 127, 557, 701
List the prime factors of 1866011677.
4111, 453907
What are the prime factors of 4417400578?
2, 43, 2833, 18131
List the prime factors of 504638455.
5, 17, 41, 89, 1627
What are the prime factors of 529563017?
23, 43, 367, 1459
List the prime factors of 262326583.
131, 607, 3299
What are the prime factors of 795893985?
3, 5, 5895511
List the prime factors of 3739306575.
3, 5, 131, 380591
What are the prime factors of 310112607?
3, 7, 14767267
List the prime factors of 85658109.
3, 28552703
What are the prime factors of 132961192?
2, 7, 13, 182639
What are the prime factors of 592423976?
2, 74052997
What are the prime factors of 4933427023?
7, 43, 16390123
List the prime factors of 36549179.
19, 641, 3001
List the prime factors of 38825130.
2, 3, 5, 43, 30097
What are the prime factors of 349148616?
2, 3, 197, 73847
List the prime factors of 7980428.
2, 1995107
List the prime factors of 72226592.
2, 47, 48023
What are the prime factors of 41109112?
2, 11, 569, 821
What are the prime factors of 47274509?
47274509
What are the prime factors of 156269534?
2, 487, 160441
What are the prime factors of 169627572?
2, 3, 271, 17387
What are the prime factors of 64781948?
2, 7, 11, 19121
What are the prime factors of 991583554?
2, 13, 38137829
What are the prime factors of 75944801?
2591, 29311
What are the prime factors of 4140129282?
2, 3, 37, 18649231
List the prime factors of 174610898.
2, 7, 11, 1133837
What are the prime factors of 27855176?
2, 181, 19237
What are the prime factors of 76689742?
2, 337, 113783
What are the prime factors of 251822671?
251822671
What are the prime factors of 77266700?
2, 5, 7, 17, 43, 151
What are the prime factors of 62148296?
2, 7, 1109791
List the prime factors of 58305214.
2, 11, 2650237
What are the prime factors of 118479728?
2, 7404983
What are the prime factors of 391164264?
2, 3, 1693, 3209
What are the prime factors of 112958822?
2, 56479411
List the prime factors of 245987063.
7, 37, 223, 4259
List the prime factors of 1746891628.
2, 439, 994813
What are the prime factors of 47666676?
2, 3, 3972223
List the prime factors of 6936648206.
2, 1237, 2803819
What are the prime factors of 43281261?
3, 829, 5801
List the prime factors of 648229930.
2, 5, 23, 2818391
What are the prime factors of 2402017882?
2, 11, 41, 64951
List the prime factors of 5835529.
7, 37, 22531
List the prime factors of 3402705526.
2, 11, 154668433
What are the prime factors of 206601061?
6113, 33797
List the prime factors of 903417763.
903417763
List the prime factors of 981529682.
2, 7, 10015609
What are the prime factors of 6360474361?
41, 2017, 76913
What are the prime factors of 65537199?
3, 7, 13, 80021
What are the prime factors of 164821979?
7, 19, 23, 53881
What are the prime factors of 1184897704?
2, 41, 3612493
List the prime factors of 437036460.
2, 3, 5, 7, 1040563
List the prime factors of 374372270.
2, 5, 89, 547, 769
List the prime factors of 371275378.
2, 185637689
What are the prime factors of 247455281?
17, 14556193
List the prime factors of 1916040091.
7, 113, 346043
List the prime factors of 633482634.
2, 3, 3733, 28283
List the prime factors of 229439167.
229439167
List the prime factors of 653142080.
2, 5, 47, 43427
What are the prime factors of 1409597079?
3, 11, 79, 540697
What are the prime factors of 722560396?
2, 180640099
List the prime factors of 712328962.
2, 19, 101, 185599
List the prime factors of 7633485860.
2, 5, 7, 11, 13, 17, 2039
What are the prime factors of 120443456?
2, 7, 23, 11689
What are the prime factors of 311633203?
7, 37, 1203217
List the prime factors of 316594499.
13, 101, 103, 2341
List the prime factors of 4068650702.
2, 2034325351
List the prime factors of 415816508.
2, 37, 317, 8863
What are the prime factors of 2289848418?
2, 3, 11, 13, 31, 28697
List the prime factors of 1746578706.
2, 3, 1049, 277499
What are the prime factors of 1047331422?
2, 3, 58185079
What are the prime factors of 93372123?
3, 13, 2394157
What are the prime factors of 74135496?
2, 3, 61, 79, 641
List the prime factors of 4424335523.
149, 1693, 17539
What are the prime factors of 387242134?
2, 59, 1619, 2027
What are the prime factors of 135065738?
2, 1493, 45233
List the prime factors of 378833485.
5, 31, 61, 103, 389
What are the prime factors of 109639877?
59, 1858303
List the prime factors of 5043039049.
31, 71, 211, 10859
List the prime factors of 2904539957.
11, 264049087
What are the prime factors of 1702616?
2, 212827
List the prime factors of 544643686.
2, 272321843
List the prime factors of 257928599.
3697, 69767
List the prime factors of 141911065.
5, 29, 978697
List the prime factors of 146457664.
2, 71, 167, 193
What are the prime factors of 201091277?
23, 8743099
What are the prime factors of 180647416?
2, 31, 728417
List the prime factors of 599116598.
2, 103, 2908333
What are the prime factors of 130603643?
73, 1789091
List the prime factors of 886256338.
2, 11, 37, 479, 2273
List the prime factors of 353326538.
2, 17, 1307, 7951
What are the prime factors of 222367800?
2, 3, 5, 370613
What are the prime factors of 106780623?
3, 35593541
What are the prime factors of 4454216?
2, 13, 42829
List the prime factors of 2429977738.
2, 23, 37, 47, 821
List the prime factors of 613102582.
2, 23, 61, 151, 1447
List the prime factors of 6602080.
2, 5, 41263
List the prime factors of 63815606.
2, 739, 43177
What are the prime factors of 548226133?
7, 13, 19, 317077
What are the prime factors of 1004413206?
2, 3, 31, 5400071
List the prime factors of 67795380.
2, 3, 5, 41849
List the prime factors of 1151536415.
5, 443, 519881
List the prime factors of 383474727.
3, 673, 63311
What are the prime factors of 221007411?
3, 19, 1292441
List the prime factors of 28606429.
28606429
List the prime factors of 196836148.
2, 49209037
What are the prime factors of 918437133?
3, 449, 681839
List the prime factors of 98333298.
2, 3, 7, 5309
List the prime factors of 67787409.
3, 61, 370423
List the prime factors of 2502807535.
5, 179, 2796433
What are the prime factors of 332573355?
3, 5, 7390519
List the prime factors of 360052385.
5, 7, 11, 935201
What are the prime factors of 67540562?
2, 33770281
List the prime factors of 97772846.
2, 1151, 42473
List the prime factors of 6239862393.
3, 17, 2441, 50123
What are the prime factors of 174187433?
7, 139, 179021
List the prime factors of 6070211469.
3, 7, 4231, 7591
What are the prime factors of 979602288?
2, 3, 7, 17, 149, 1151
What are the prime factors of 40343603?
257, 156979
What are the prime factors of 157999777?
13, 31, 392059
What are the prime factors of 148786717?
148786717
What are the prime factors of 244271868?
2, 3, 23, 761, 1163
List the prime factors of 4259594576.
2, 1049,